{"id":402,"date":"2021-07-18T20:14:03","date_gmt":"2021-07-18T18:14:03","guid":{"rendered":"https:\/\/swgondoin.fr\/?page_id=402"},"modified":"2025-09-03T11:28:55","modified_gmt":"2025-09-03T09:28:55","slug":"television","status":"publish","type":"page","link":"https:\/\/swgondoin.fr\/index.php\/television\/","title":{"rendered":"T\u00e9l\u00e9vision"},"content":{"rendered":"\n<p class=\"has-text-align-center\">Intervenant dans de nombreux documentaires historiques pour<strong> France t\u00e9l\u00e9vision <\/strong>(<em>Secrets d&rsquo;Histoire<\/em>, <em>Laissez-vous guider<\/em>&#8230;), <strong>Plan\u00e8te<\/strong>, <strong>Canal +<\/strong>, <strong> Arte<\/strong>,<strong> Connaissance du monde&#8230;<\/strong><\/p>\n\n\n\n<figure class=\"wp-block-image size-full\"><img loading=\"lazy\" decoding=\"async\" width=\"1000\" height=\"537\" src=\"https:\/\/swgondoin.fr\/wp-content\/uploads\/2025\/09\/Stephane-William-Gondoin-Laissez-vous-guider-Vikings.jpg\" alt=\"\" class=\"wp-image-1481\" srcset=\"https:\/\/swgondoin.fr\/wp-content\/uploads\/2025\/09\/Stephane-William-Gondoin-Laissez-vous-guider-Vikings.jpg 1000w, https:\/\/swgondoin.fr\/wp-content\/uploads\/2025\/09\/Stephane-William-Gondoin-Laissez-vous-guider-Vikings-300x161.jpg 300w, https:\/\/swgondoin.fr\/wp-content\/uploads\/2025\/09\/Stephane-William-Gondoin-Laissez-vous-guider-Vikings-768x412.jpg 768w\" sizes=\"auto, (max-width: 1000px) 100vw, 1000px\" \/><\/figure>\n\n\n\n<figure class=\"wp-block-image size-full\"><img loading=\"lazy\" decoding=\"async\" width=\"1000\" height=\"501\" src=\"https:\/\/swgondoin.fr\/wp-content\/uploads\/2025\/01\/La-saga-des-bluetooth.jpg\" alt=\"\" class=\"wp-image-1347\" srcset=\"https:\/\/swgondoin.fr\/wp-content\/uploads\/2025\/01\/La-saga-des-bluetooth.jpg 1000w, https:\/\/swgondoin.fr\/wp-content\/uploads\/2025\/01\/La-saga-des-bluetooth-300x150.jpg 300w, https:\/\/swgondoin.fr\/wp-content\/uploads\/2025\/01\/La-saga-des-bluetooth-768x385.jpg 768w\" sizes=\"auto, (max-width: 1000px) 100vw, 1000px\" \/><\/figure>\n\n\n\n<figure class=\"wp-block-image size-full\"><img loading=\"lazy\" decoding=\"async\" width=\"1000\" height=\"325\" src=\"https:\/\/swgondoin.fr\/wp-content\/uploads\/2025\/01\/Secret-Histoire-Guillaume-le-Conquerant.jpg\" alt=\"\" class=\"wp-image-1369\" srcset=\"https:\/\/swgondoin.fr\/wp-content\/uploads\/2025\/01\/Secret-Histoire-Guillaume-le-Conquerant.jpg 1000w, https:\/\/swgondoin.fr\/wp-content\/uploads\/2025\/01\/Secret-Histoire-Guillaume-le-Conquerant-300x98.jpg 300w, https:\/\/swgondoin.fr\/wp-content\/uploads\/2025\/01\/Secret-Histoire-Guillaume-le-Conquerant-768x250.jpg 768w\" sizes=\"auto, (max-width: 1000px) 100vw, 1000px\" \/><\/figure>\n\n\n\n<figure class=\"wp-block-gallery has-nested-images columns-default is-cropped wp-block-gallery-1 is-layout-flex wp-block-gallery-is-layout-flex\">\n<figure class=\"wp-block-image size-large\"><img loading=\"lazy\" decoding=\"async\" width=\"1024\" height=\"576\" data-id=\"1372\" src=\"https:\/\/swgondoin.fr\/wp-content\/uploads\/2025\/01\/Stephane-William-Gondoin-secrets-histoire-1024x576-1.jpg\" alt=\"\" class=\"wp-image-1372\" srcset=\"https:\/\/swgondoin.fr\/wp-content\/uploads\/2025\/01\/Stephane-William-Gondoin-secrets-histoire-1024x576-1.jpg 1024w, https:\/\/swgondoin.fr\/wp-content\/uploads\/2025\/01\/Stephane-William-Gondoin-secrets-histoire-1024x576-1-300x169.jpg 300w, https:\/\/swgondoin.fr\/wp-content\/uploads\/2025\/01\/Stephane-William-Gondoin-secrets-histoire-1024x576-1-768x432.jpg 768w\" sizes=\"auto, (max-width: 1024px) 100vw, 1024px\" \/><\/figure>\n\n\n\n<figure class=\"wp-block-image size-large\"><img loading=\"lazy\" decoding=\"async\" width=\"753\" height=\"1000\" data-id=\"1174\" src=\"https:\/\/swgondoin.fr\/wp-content\/uploads\/2023\/05\/swg-01.jpg\" alt=\"\" class=\"wp-image-1174\" srcset=\"https:\/\/swgondoin.fr\/wp-content\/uploads\/2023\/05\/swg-01.jpg 753w, https:\/\/swgondoin.fr\/wp-content\/uploads\/2023\/05\/swg-01-226x300.jpg 226w\" sizes=\"auto, (max-width: 753px) 100vw, 753px\" \/><\/figure>\n\n\n\n<figure class=\"wp-block-image size-large\"><img loading=\"lazy\" decoding=\"async\" width=\"750\" height=\"1000\" data-id=\"1173\" src=\"https:\/\/swgondoin.fr\/wp-content\/uploads\/2023\/05\/swg-02.jpg\" alt=\"\" class=\"wp-image-1173\" srcset=\"https:\/\/swgondoin.fr\/wp-content\/uploads\/2023\/05\/swg-02.jpg 750w, https:\/\/swgondoin.fr\/wp-content\/uploads\/2023\/05\/swg-02-225x300.jpg 225w\" sizes=\"auto, (max-width: 750px) 100vw, 750px\" \/><\/figure>\n<\/figure>\n\n\n\n<figure class=\"wp-block-image size-full\"><img loading=\"lazy\" decoding=\"async\" width=\"1000\" height=\"720\" src=\"https:\/\/swgondoin.fr\/wp-content\/uploads\/2025\/01\/Secrets-d-Histoire-Saint-Clair-sur-Epte.jpg\" alt=\"\" class=\"wp-image-1373\" srcset=\"https:\/\/swgondoin.fr\/wp-content\/uploads\/2025\/01\/Secrets-d-Histoire-Saint-Clair-sur-Epte.jpg 1000w, https:\/\/swgondoin.fr\/wp-content\/uploads\/2025\/01\/Secrets-d-Histoire-Saint-Clair-sur-Epte-300x216.jpg 300w, https:\/\/swgondoin.fr\/wp-content\/uploads\/2025\/01\/Secrets-d-Histoire-Saint-Clair-sur-Epte-768x553.jpg 768w\" sizes=\"auto, (max-width: 1000px) 100vw, 1000px\" \/><\/figure>\n\n\n\n<p class=\"has-text-align-center\"><strong>Saison 2025-2026 : chroniqueur histoire &amp; patrimoine pour <em>Le caf\u00e9 de l&rsquo;info<\/em>, sur BFM Normandie, pr\u00e9sent\u00e9 par Ana\u00efs Bernard<\/strong><\/p>\n\n\n\n<figure class=\"wp-block-image size-full\"><img loading=\"lazy\" decoding=\"async\" width=\"762\" height=\"514\" src=\"https:\/\/swgondoin.fr\/wp-content\/uploads\/2025\/09\/Stephane-William-Gondoin-BFM-Normandie.jpg\" alt=\"\" class=\"wp-image-1482\" srcset=\"https:\/\/swgondoin.fr\/wp-content\/uploads\/2025\/09\/Stephane-William-Gondoin-BFM-Normandie.jpg 762w, https:\/\/swgondoin.fr\/wp-content\/uploads\/2025\/09\/Stephane-William-Gondoin-BFM-Normandie-300x202.jpg 300w\" sizes=\"auto, (max-width: 762px) 100vw, 762px\" \/><\/figure>\n\n\n\n<p class=\"has-text-align-center\"><strong>Chroniqueur histoire &amp; patrimoine pour la matinale de France 3 Normandie <em>Vous \u00eates formidables<\/em>, pr\u00e9sent\u00e9e par Anne Bo\u00e9tie &#8211; Saison 1 \u00e0 4 (80 chroniques)<\/strong><\/p>\n\n\n\n<figure class=\"wp-block-image size-full\"><img decoding=\"async\" src=\"https:\/\/swgondoin.fr\/wp-content\/uploads\/2022\/09\/2021-10-Photo-VEF-05-Octobre.jpg\" alt=\"\" class=\"wp-image-488\"\/><figcaption class=\"wp-element-caption\">\u00a9 Arnaud Fouquet<\/figcaption><\/figure>\n\n\n\n<p class=\"has-text-align-center\"><strong>De multiples interviews sur divers sujets patrimoniaux ou historiques<\/strong><\/p>\n\n\n\n<figure class=\"wp-block-image size-large\"><img decoding=\"async\" src=\"https:\/\/swgondoin.fr\/wp-content\/uploads\/2022\/11\/Stephane-William-Gondoin-BFM-TV-1024x576.jpg\" alt=\"\" class=\"wp-image-558\"\/><figcaption class=\"wp-element-caption\">Sur BFM TV &#8211; Interview \u00e0 propos chantiers de restauration en cours en Normandie<br> et sur la notion de pr\u00e9servation du patrimoine (2022)<\/figcaption><\/figure>\n\n\n\n<figure class=\"wp-block-image size-full\"><img loading=\"lazy\" decoding=\"async\" width=\"1000\" height=\"750\" src=\"https:\/\/swgondoin.fr\/wp-content\/uploads\/2023\/05\/2023-BFM-IMG_20230118_130431.jpg\" alt=\"\" class=\"wp-image-1232\" srcset=\"https:\/\/swgondoin.fr\/wp-content\/uploads\/2023\/05\/2023-BFM-IMG_20230118_130431.jpg 1000w, https:\/\/swgondoin.fr\/wp-content\/uploads\/2023\/05\/2023-BFM-IMG_20230118_130431-300x225.jpg 300w, https:\/\/swgondoin.fr\/wp-content\/uploads\/2023\/05\/2023-BFM-IMG_20230118_130431-768x576.jpg 768w\" sizes=\"auto, (max-width: 1000px) 100vw, 1000px\" \/><\/figure>\n","protected":false},"excerpt":{"rendered":"<p>Intervenant dans de nombreux documentaires historiques pour France t\u00e9l\u00e9vision (Secrets d&rsquo;Histoire, Laissez-vous guider&#8230;), Plan\u00e8te, Canal +, Arte, Connaissance du monde&#8230; Saison 2025-2026 : chroniqueur histoire &amp; patrimoine pour Le caf\u00e9 <a class=\"more-link\" href=\"https:\/\/swgondoin.fr\/index.php\/television\/\">Continue Reading &rarr;<\/a><\/p>\n","protected":false},"author":1,"featured_media":0,"parent":0,"menu_order":0,"comment_status":"closed","ping_status":"closed","template":"","meta":{"footnotes":""},"class_list":["post-402","page","type-page","status-publish","hentry"],"_links":{"self":[{"href":"https:\/\/swgondoin.fr\/index.php\/wp-json\/wp\/v2\/pages\/402","targetHints":{"allow":["GET"]}}],"collection":[{"href":"https:\/\/swgondoin.fr\/index.php\/wp-json\/wp\/v2\/pages"}],"about":[{"href":"https:\/\/swgondoin.fr\/index.php\/wp-json\/wp\/v2\/types\/page"}],"author":[{"embeddable":true,"href":"https:\/\/swgondoin.fr\/index.php\/wp-json\/wp\/v2\/users\/1"}],"replies":[{"embeddable":true,"href":"https:\/\/swgondoin.fr\/index.php\/wp-json\/wp\/v2\/comments?post=402"}],"version-history":[{"count":24,"href":"https:\/\/swgondoin.fr\/index.php\/wp-json\/wp\/v2\/pages\/402\/revisions"}],"predecessor-version":[{"id":1483,"href":"https:\/\/swgondoin.fr\/index.php\/wp-json\/wp\/v2\/pages\/402\/revisions\/1483"}],"wp:attachment":[{"href":"https:\/\/swgondoin.fr\/index.php\/wp-json\/wp\/v2\/media?parent=402"}],"curies":[{"name":"wp","href":"https:\/\/api.w.org\/{rel}","templated":true}]}}